osite number?
False
Let t(u) = -7 - 7*u**2 - 4*u - 2*u**3 - 13 + 23. Let w be t(-5). Suppose -c + 5*i - 4*i + w = 0, -5*c - 4*i + 535 = 0. Is c a composite number?
False
Let h(l) = 12*l**3 - 9*l**2 + 11*l + 9. Let w be h(4). Suppose 1409 = 14*c - w. Is c a composite number?
False
Suppose -2 = i - 6. Is (2/(-3))/(i/(-1338)) composite?
False
Let s be 2/(-5) - 184/(-10). Is 6903/s*3/((-3)/(-2)) prime?
False
Let b = 559 + -3240. Let a = b + 4162. Is a a prime number?
True
Let y be ((-9999)/(-18))/(3/(-6)). Let n = y - -1950. Is n a prime number?
True
Suppose 5054 + 283 = 3*t. Suppose 0 = -0*j + 3*j - t. Suppose -4*z + 2*v + 2744 = 0, 2*z = 4*v - j + 1971. Is z composite?
True
Suppose 12*h = -9*h + 2814. Is h a composite number?
True
Let r(q) = 10*q**2 - 6*q + 23. Let h be r(8). Suppose j = 18 + h. Is j composite?
True
Let z(o) = 4*o**3 - 4*o**2 + 6*o - 5. Let g be 12/(-8)*2 - -34. Let h = -27 + g. Is z(h) prime?
True
Suppose f = -3*k + 3*f + 40, 3*f - 35 = -5*k. Let p be 4/k - (-669)/15. Suppose -p = -l + 52. Is l prime?
True
Let v(g) = -4*g - g + g**2 + 0*g - 8. Let m be v(6). Is -49*2/4*m composite?
True
Let v(k) = -38*k - 85. Is v(-13) prime?
True
Let h = -10542 + 26501. Is h a prime number?
True
Let j = 68085 + 78988. Is j prime?
True
Let k(u) = 45*u**3 - 2*u**2 - 4*u - 1. Is k(6) prime?
True
Let i = -18446 - -34405. Is i composite?
False
Let n(a) = -821*a - 3. Let k be n(1). Let q = k + 1297. Is q a composite number?
True
Suppose 173 = -13*d + 5490. Is d a prime number?
True
Let r(j) = -2*j + 198*j**2 - 5 + 4*j + 3 - 3*j. Is r(-3) a prime number?
True
Let f(p) = -1200*p + 259. Is f(-4) a prime number?
True
Suppose 5*x = -4*j - 448, 193 = -5*x + 3*x + 3*j. Let m = x - -231. Is m a composite number?
False
Let o(c) = c**2 + 9*c + 12. Let w be o(-8). Suppose -r - w*r = -15. Suppose 0 = -0*a - a - r, -a + 593 = 4*p. Is p a composite number?
False
Let q(y) = -190*y - 81. Is q(-4) a prime number?
False
Is 1/(1 + -8 - (-45030546)/6432929) a prime number?
True
Let i(f) = -582*f + 145. Is i(-24) prime?
False
Let d = -4196 - -22725. Is d a composite number?
True
Let s = -4 + 6. Suppose -2*z - s*g = -270, 1 = 4*g - 3. Suppose 9 + z = f. Is f a composite number?
True
Let u(m) = m**3 + 15*m**2 + 3*m + 12. Is u(13) a prime number?
True
Let m(p) = p - 3. Let c be m(6). Let b = 85 - 82. Suppose i + 119 = a, -b*a = c*i - 228 - 153. Is a a prime number?
False
Suppose 0 = 5*m - a - 1102, -4*a + 233 = 4*m - 3*m. Let r = m + 246. Is r a composite number?
False
Suppose -4*l = 2*y + 3 - 13, 0 = 2*l + 6. Suppose -6*w - 3745 = -y*w. Is w composite?
True
Let g(d) be the first derivative of 41*d**4/2 + 2*d**3/3 + d**2/2 - 2*d + 22. Is g(1) a prime number?
True
Is (-1 - -1 - -3) + 137888/124 a composite number?
True
Let i = -283 - -510. Suppose 2*x - i = -s + 5*x, 3*x + 705 = 3*s. Is s composite?
False
Let s = -13 - -102. Is s a prime number?
True
Is -7 + 6/(94335/(-47172) - -2) prime?
False
Let l(q) be the second derivative of 5/2*q**2 - q + 1/6*q**3 + 9/4*q**4 + 0. Is l(5) prime?
False
Let x be (-22)/2 + 6/2. Let g(o) = 5*o + 7*o + 14*o + 4*o**2 - 13 - 19*o. Is g(x) composite?
True
Let w(d) = 3*d - 7. Let f(p) = p + 2. Let x be f(2). Let y be w(x). Suppose -4*m - 5 = m, -2*z + y*m + 49 = 0. Is z a composite number?
True
Let u(i) = 21*i - 4. Let r(m) = -41*m + 7. Let y(q) = -3*r(q) - 7*u(q). Suppose -3*f - 16 = f. Is y(f) a composite number?
False
Let a(w) = -2213*w**3 - 2*w**2 - w. Let g be a(-1). Suppose 5*i - g = 168. Let n = i + -327. Is n a prime number?
True
Is ((-38045)/(-3) + -2)/(2/6) prime?
True
Let j(s) = -4*s**2 + 91*s - 1 - 2*s**2 - s**3 - 66*s. Is j(-10) composite?
False
Let d be (2/(-6))/((-8)/48). Suppose -d*u + 7 - 3 = 0. Suppose -2435 = -3*t - u*t. Is t a prime number?
True
Let g be ((-6)/(-45)*-5)/((-4)/30). Is (-2)/g*4705/(-2) prime?
True
Let p(f) = -3*f**2 + 8*f + 12. Let y be p(-8). Let k = -87 - y. Is k a prime number?
True
Suppose 6*z - 66039 = 2367. Is z composite?
True
Suppose 2*o = -3*x - o - 24, -4*x - 2*o = 28. Let p = 7 + x. Suppose u - 32 = -p. Is u prime?
True
Suppose -506*q - 7620 = -518*q. Is q prime?
False
Is (-187620)/(-15) - (-6)/1 prime?
False
Let n(i) = 453*i - 4. Let v be n(2). Let r = v - -249. Is r a prime number?
True
Let t = 24 + -54. Let z be (t/12)/(2/(-4)). Suppose -1411 + 344 = -4*y + z*u, u - 523 = -2*y. Is y a composite number?
False
Let p(b) = -b**3 + 6*b**2 + 3*b + 4. Let x = 11 + -7. Suppose 2*d - x*n + n = 24, -d + 5*n + 26 = 0. Is p(d) a prime number?
False
Suppose -4897 - 55037 = -6*r. Is r prime?
False
Let o be ((-488)/12)/(6/27). Let m = 413 + o. Suppose g - 4*y - 86 = 29, 0 = -2*g - 5*y + m. Is g a composite number?
True
Suppose 3*w + 3 = 18. Is 11/5 + -2 - (-344)/w a prime number?
False
Suppose 4*d + 2*v = -10, -6 + 26 = d - 4*v. Suppose 3*a + 3*k - 3 = d, -a + 3*k + 7 = 2*k. Suppose -a*u = h - 103, -4*h + 5*h + 5*u = 106. Is h a prime number?
False
Let u(y) be the second derivative of -12*y**3 + y**2 - 2*y. Let c be (1*(-4 + 3))/1. Is u(c) composite?
True
Suppose -102*z + 48873 = 3*m - 99*z, -2*m - z = -32582. Is m a composite number?
True
Suppose 26*r + 175209 = 713591. Is r prime?
True
Suppose -3*w + 5 = -4. Suppose 1681 = 5*z - w*s, -s + 997 = 3*z + 3*s. Is z prime?
False
Suppose 0 = -2*o - 3*j - 13, -4*o - 16 = -0*o + 4*j. Suppose -2*m = -4*m - i - o, m = -3*i + 2. Is 129 - ((-2)/m - 0) composite?
False
Let m(x) = -8*x**2 + 5*x - 2. Let i be m(-9). Let q = i + 986. Let j = -206 + q. Is j a composite number?
True
Let d(v) = 36*v - 277. Is d(41) a composite number?
True
Suppose 2*x + 67625 = 5*s, 4*x + 67635 = -s + 6*s. Is s prime?
True
Let u(l) = 4*l**3 - l**2 + 2*l - 4. Let s(y) = y - 1. Let a(i) = -2*s(i) + u(i). Suppose -g - g = -6. Is a(g) a prime number?
True
Suppose -5*u + 2*u = 39. Let l = 11 + u. Is (l/3)/(6/(-423)) composite?
False
Let f be (3/1 + -3)/(-2). Let y be (-1 - 0)*f/6. Suppose 3*s + 2*s - 3205 = y. Is s a prime number?
True
Suppose -2*o + 68239 = 5*m, m + 2*o = 5*m - 54602. Is m a composite number?
False
Let n(l) = l**3 - 5*l**2 + 4*l + 4. Let q be n(4). Suppose -4*d = -3*f - 1033, -d + 3*d - q*f = 514. Is d prime?
False
Let f(g) = 3*g**3 - 10*g**2 + 2*g + 25. Let c be ((-9)/162*-6)/((-2)/(-60)). Is f(c) composite?
True
Suppose -s + 5*t + 986 = 0, -t - 393 = -2*s + 1570. Suppose y + y = -f + s, f - 982 = -3*y. Is f a prime number?
False
Let c = 9510 - 6353. Suppose -5*m = -d - c, d = -5*m + m + 2522. Is m a prime number?
True
Suppose -20354 + 3970 = -4*l. Suppose 4*g + 2*y - l = -266, 5*g - y - 4770 = 0. Is g a composite number?
True
Let y(x) = 2*x**2 + 7*x + 1. Let f be y(-3). Is 822/9 + 3 + f/(-3) composite?
True
Let x = -2717 + 4947. Suppose 2*k = -y + x, 2*k - 4*y + 5569 = 7*k. Is k a composite number?
False
Let g = 2436 - 493. Is g prime?
False
Let k be (2/4)/(2/32). Let o = -6 + k. Suppose -o*s + 2*l + 102 = -0*s, -l = -4*s + 216. Is s prime?
False
Let r = 28 - 58. Let o = 113 + r. Is o prime?
True
Let w = -21701 - -34312. Is w composite?
False
Let i = -7 + 9. Suppose -i*o + w = -263, -2*o - o = -3*w - 396. Suppose m - o = -3*t + 2*t, -t = -m - 135. Is t prime?
False
Let p(z) = 3*z**2 - 36*z + 9. Let c be p(-10). Suppose c = 16*w - 15*w. Is w a composite number?
True
Let i = 34 + -62. Let g = i - -154. Let s = 269 - g. Is s prime?
False
Is (-8)/18 - (-4908376)/792 composite?
False
Let c = 27 + -15. Suppose 16 - c = p. Suppose 4*m - 2439 = -h, -5*h - 559 = p*m - 2978. Is m a composite number?
True
Let o(i) = 4*i**2 - 54*i - 1. Let d be o(-24). Suppose -5*c + 11838 = a, -c - d = a - 15457. Is a a composite number?
False
Let c(m) = -43*m - 21. Let l be c(3). Suppose u + 0*u = 367. Let t = u + l. Is t prime?
False
Let r(i) = 16*i**2 + 3*i + 1. Let j be r(-1). Let h = 20 - j. Is 3/2*556/h a prime number?
True
Suppose 38*i = 37*i + 2411. Is i prime?
True
Suppose -4*l + 4*k - 13 = -3*l, -5*l = 2*k - 45. Let p(t) = t**2 + 7*t**2 + 2*t + l*t**3 - 6*t**3. Is p(-5) prime?
False
Suppose 32*a + 49947 = 35*a. Is a a composite number?
False
Is ((-22)/1)/((-32)/34192) a composite number?
True
Let u = 1146 - 325. Suppose -6*l = -7*l + u. Is l a prime number?
True
Let o(n) = 19 + 20 - 151*n + 442*n - 11. Is o(21) a prime number?
False
Let z(x) = 76*x - 33. Let j(b) = 2*b + 15. Let w be j(-4). I